 269?
False
Is 816855 a multiple of 6?
False
Is 1141 a factor of 15291682?
True
Is 707 a factor of 12721758?
True
Is 1115498 a multiple of 264?
False
Is 921 a factor of 4824557?
False
Is 10 a factor of 95620?
True
Is 159 a factor of 2041643?
False
Is 17 a factor of 1915781?
True
Is 12 a factor of 2537988?
True
Is 13 a factor of 35542?
True
Does 57 divide 143127?
True
Does 103 divide 983674?
False
Is 89 a factor of 286202?
False
Does 76 divide 3657728?
True
Is 53 a factor of 1247064?
False
Is 228 a factor of 609216?
True
Is 11 a factor of 4971209?
False
Is 5 a factor of 35376?
False
Does 257 divide 200366?
False
Is 141915 a multiple of 63?
False
Is 734598 a multiple of 9?
True
Does 5 divide 319831?
False
Is 58 a factor of 1300284?
False
Is 2209586 a multiple of 142?
False
Is 191 a factor of 49659?
False
Does 908 divide 5169244?
True
Is 1948479 a multiple of 141?
True
Does 100 divide 85171?
False
Is 776725 even?
False
Is 9 a factor of 280066?
False
Is 177445 a multiple of 188?
False
Is 657774 a multiple of 351?
True
Does 627 divide 820743?
True
Does 15 divide 642726?
False
Is 10370000 a multiple of 16?
True
Is 17560 a multiple of 8?
True
Is 16 a factor of 1148601?
False
Is 41 a factor of 381177?
True
Is 174 a multiple of 3?
True
Is 782111 a multiple of 141?
False
Does 2156 divide 5860077?
False
Is 2896300 a multiple of 110?
True
Is 15224 a multiple of 30?
False
Is 314 a factor of 725340?
True
Is 8343206 a multiple of 53?
False
Is 8 a factor of 4299192?
True
Is 20297 a multiple of 48?
False
Is 109109 a multiple of 77?
True
Does 4 divide 77741?
False
Is 90143 a multiple of 16?
False
Is 18 a factor of 11619?
False
Is 384 a factor of 1017216?
True
Is 231 a factor of 2082927?
True
Is 38 a factor of 1418008?
True
Does 455 divide 1562470?
True
Does 44 divide 43164?
True
Is 851912 a multiple of 40?
False
Is 8100 a multiple of 4?
True
Is 964804 a multiple of 115?
False
Is 1203 a factor of 2793961?
False
Is 347 a factor of 341101?
True
Does 6 divide 176870?
False
Is 160 a factor of 5997120?
True
Is 60 a factor of 86044?
False
Does 532 divide 1857212?
True
Does 703 divide 25428?
False
Does 18 divide 9388862?
False
Is 12 a factor of 10266444?
True
Is 11 a factor of 5058505?
False
Does 18 divide 34308?
True
Is 42 a factor of 925596?
True
Is 16124 a multiple of 16?
False
Does 35 divide 2088748?
False
Is 131 a factor of 10111262?
False
Is 303329 a multiple of 130?
False
Is 139 a factor of 59124?
False
Is 208486 a multiple of 80?
False
Does 239 divide 2652900?
True
Is 168516 a multiple of 279?
True
Is 30 a factor of 6378390?
True
Does 8 divide 7978344?
True
Is 13 a factor of 68051?
False
Is 75218 even?
True
Is 25 a factor of 65250?
True
Is 2 a factor of 6556?
True
Does 331 divide 874171?
True
Is 131104 a multiple of 184?
False
Does 14 divide 506436?
True
Does 17 divide 273085?
False
Is 5650552 a multiple of 260?
False
Is 56867 a multiple of 6?
False
Is 324 a factor of 176256?
True
Does 16 divide 485947?
False
Is 2177115 a multiple of 3?
True
Is 245 a factor of 97690?
False
Does 211 divide 1160711?
True
Is 59 a factor of 43247?
True
Does 753 divide 3011432?
False
Does 39 divide 290823?
True
Is 28 a factor of 110159?
False
Is 7 a factor of 55986?
True
Is 146 a factor of 223990?
False
Does 24 divide 6896568?
True
Does 564 divide 1193988?
True
Is 613970 a multiple of 14?
True
Does 9 divide 12024?
True
Is 34 a factor of 7546844?
True
Is 20074 a multiple of 10?
False
Does 186 divide 583665?
False
Does 44 divide 21682980?
True
Does 48 divide 10388949?
False
Is 94 a factor of 662888?
True
Is 77 a factor of 48293?
False
Is 47 a factor of 703035?
False
Does 128 divide 216704?
True
Is 73 a factor of 9428417?
False
Does 79 divide 5423903?
True
Is 29 a factor of 193162?
False
Does 17 divide 119233?
False
Is 108 a factor of 80676?
True
Does 4 divide 34076?
True
Is 21 a factor of 324678?
False
Is 468160 a multiple of 32?
True
Does 8 divide 524245?
False
Is 5810488 a multiple of 8?
True
Does 681 divide 16717869?
True
Is 189688 a multiple of 13?
False
Does 88 divide 130152?
True
Is 24 a factor of 605345?
False
Is 801 a factor of 966807?
True
Is 12012 a multiple of 84?
True
Is 55656 a multiple of 70?
False
Does 2 divide 36256?
True
Does 24 divide 4958981?
False
Is 120671 a multiple of 2?
False
Is 283 a factor of 5564346?
True
Does 8 divide 163590?
False
Is 534687 a multiple of 111?
True
Does 20 divide 11059402?
False
Is 29 a factor of 7380819?
True
Does 34 divide 5362276?
True
Does 50 divide 128250?
True
Is 24 a factor of 55224?
True
Is 840659 a multiple of 22?
False
Is 2121 a multiple of 2?
False
Is 3 a factor of 65528?
False
Is 51 a factor of 267546?
True
Does 34 divide 18199256?
False
Does 6 divide 675284?
False
Is 123549 a multiple of 252?
False
Is 223 a factor of 340744?
True
Is 40734 a multiple of 6?
True
Is 1116 a factor of 5874624?
True
Is 2587 a factor of 2879331?
True
Is 3315365 a multiple of 15?
False
Does 365 divide 120479?
False
Is 713813 a multiple of 5?
False
Is 20750308 a multiple of 16?
False
Is 44 a factor of 650681?
False
Is 627266 a multiple of 646?
True
Is 28 a factor of 78736?
True
Does 9 divide 1144008?
True
Does 51 divide 3057?
False
Is 3 a factor of 600928?
False
Does 34 divide 2448115?
False
Does 8 divide 2163780?
False
Is 72 a factor of 377280?
True
Is 181 a factor of 119309?
False
Is 73 a factor of 14284713?
True
Does 222 divide 11032734?
True
Does 24 divide 408007?
False
Does 133 divide 13138538?
True
Is 123267 a multiple of 11?
False
Does 13 divide 55510?
True
Is 1724829 a multiple of 395?
False
Is 12 a factor of 475935?
False
Is 744 a factor of 229238?
False
Is 391027 a multiple of 24?
False
Does 64 divide 127826?
False
Does 844 divide 1422984?
True
Does 1218 divide 14155596?
True
Is 11906939 a multiple of 29?
False
Is 855 a factor of 972135?
True
Is 13 a factor of 100084?
False
Is 1506804 a multiple of 169?
True
Does 19 divide 35908?
False
Is 62 a factor of 11966?
True
Is 1072045 a multiple of 96?
False
Does 10 divide 2295800?
True
Is 2362152 a multiple of 201?
True
Is 16 a factor of 109464?
False
Is 2827735 a multiple of 987?
False
Does 3 divide 9865?
False
Is 113 a factor of 1152261?
True
Is 2511 a multiple of 31?
True
Is 808010 a multiple of 485?
True
Is 13586996 a multiple of 127?
False
Is 1456332 a multiple of 12?
True
Is 47 a factor of 13966191?
True
Is 748242 a multiple of 16?
False
Is 305 a factor of 7181225?
True
Is 619587 a multiple of 85?
False
Does 740 divide 3643760?
True
Is 30 a factor of 138870?
True
Does 13 divide 4356326?
True
Is 13 a factor of 1750391?
False
Is 504 a factor of 399611?
False
Is 1668901 a multiple of 13?
True
Does 15 divide 639119?
False
Is 59 a factor of 70918?
True
Is 975299 a multiple of 1284?
False
Is 3736525 a multiple of 20?
False
Does 898 divide 14088870?
False
Is 37765 a multiple of 83?
True
Does 864 divide 554688?
True
Is 29 a factor of 178138?
False
Is 547 a factor of 1213458?
False
Does 7 divide 2960647?
False
Does 5 divide 36875?
True
Is 1603580 a multiple of 20?
True
Is 26 a factor of 58500?
True
Does 55 divide 117975?
True
Is 1690150 a multiple of 275?
True
Does 185 divide 900845?
False
Is 534 a factor of 4924989?
False
Is 23 a factor of 407583?
True
Is 24 a factor of 68568?
True
Does 7 divide 470319?
False
Is 73 a factor of 226519?
True
Is 3613761 a multiple of 14?
False
Is 2629312 a multiple of 16?
True
Does 278 divide 32248?
True
Does 69 divide 39399?
True
Is 91 a factor of 53733?
False
Is 61552 a multiple of 6?
False
Is 172 a factor of 2101496?
True
Is 20 a factor of 3519380?
True
Does 8 divide 250647?
False
Is 2427152 a multiple of 163?
False
Is 3 a factor of 394514?
False
Is 69 a factor of 19409?
False
Does 172 divide 397398?
False
Is 75 a factor of 297342?
False
Is 1001 a multiple of 143?
True
Is 78 a factor of 29963?
False
Is 35355 a multiple of 2?
False
Is 24847198 a multiple of 13?
False
Is 21 a factor of 318065?
False
Is 10112285 a multiple of 1739?
True
Is 91 a factor of 430113?
False
Is 6505221 a multiple of 1768?
False
Is 42 a factor of 2034144?
True
Is 10 a factor of 133470?
True
Does 14 divide 6750886?
False
Is 194282 a multiple of 22?
True
Does 37 divide 210654?
False
Is 10 a factor of 2247710?
True
Does 225 divide 172828?
False
Is 12413131 a multiple of 108?
False
Is 89 a factor